s + 2*v = 5*s - z, 5*s + 2*v = 205. Is s prime?
False
Suppose 4*x - 930 = 7*x. Is -3 + (x - 0)*-1 prime?
True
Let p = 4286 + -6151. Let h = 3408 + p. Is h a prime number?
True
Let g(p) = 19*p**3 - 2*p**2 + 2*p + 1. Let v(y) = y + 14. Let k be v(-11). Suppose m + 1 = k. Is g(m) a composite number?
False
Let w(l) = 869*l**2 + 86*l - 16. Is w(7) prime?
False
Let g = 5 + 3. Suppose 20 = -4*y + g*y. Suppose 4*k + 959 = 5*d + 2*k, 0 = y*d + k - 953. Is d composite?
False
Let f(q) = 33 + 2*q - 23*q + 8 - 26*q. Is f(-18) prime?
True
Let u(k) = k**3 - 7*k**2 + k + 3. Let p be u(5). Suppose 3*w = -3*t - 18, 4*w + 1 + 2 = 3*t. Is ((-182)/w)/((-28)/p) a composite number?
True
Suppose -2*d = 4*v + d + 741, 5*v = -2*d - 935. Let z = 598 - v. Is z a composite number?
False
Is ((-44995)/15)/((-6)/18) a composite number?
False
Let r(d) be the second derivative of -d**3 + 19*d**2/2 - 8*d. Suppose -11*c + 6*c - 30 = 0. Is r(c) a composite number?
True
Let m = 19 - -36. Let g be m - (2 + -4) - -3. Is g/4*3 + -2 a prime number?
True
Let m be 3/6 - (-11)/(-2). Is 1*(m - 20986)/(-3) a prime number?
True
Suppose -4*g - 1 - 16 = -t, 3*g + 16 = 4*t. Let y(r) = 45*r**3 + 3*r**2 - r - 1. Is y(t) a composite number?
True
Let l(s) = s**3 + s**2 - 4*s + 1. Let u(q) = q**3 + q**2 - 5*q + 1. Let o(j) = -4*l(j) + 3*u(j). Let g be o(-4). Is 1/(-2) + g/2 prime?
False
Suppose -2531 = 4*d + 3*p + 2*p, -2*d = 2*p + 1268. Is (-8 - d) + 0/(-1 + 3) a composite number?
False
Suppose -4*w + t = 62, 3*t = -4*w + 14 - 84. Let i(l) = -l**2 - 35*l + 27. Is i(w) prime?
True
Let z be 1 + (0 - 2/1) + -507. Let a = z + 761. Is a a composite number?
True
Is (15298/(-10))/(1 + 12/(-10)) prime?
True
Suppose -2*s = -4 - 0. Let z = 24 - 24. Suppose z = 2*u + 2*u - s*m - 576, 4*m = -3*u + 421. Is u a prime number?
False
Let f = -284 + 107. Suppose l = -307 + 41. Let q = f - l. Is q a composite number?
False
Let c = -6 + 2. Suppose -u = -4*w + 15, 2*u = -0*u + w - 2. Is (c - -8) + (782 - u) prime?
False
Let j(l) = 924*l - 19. Is j(7) a prime number?
True
Is 2 + 2 + 0 + (51 - -17236) composite?
False
Let g(b) = -2*b + 4. Let l be g(4). Let f(d) = d + 9. Let x be f(l). Suppose x*t - 279 = -14. Is t a composite number?
False
Suppose 2*g - 5*g + 15 = 0. Suppose -51 - 839 = -g*h. Is h prime?
False
Suppose 3*n - 67 + 52 = 0. Suppose -8*l - 4290 = -5*f - 3*l, 0 = n*f - l - 4310. Is f prime?
True
Let l = 15776 - 1633. Is l composite?
False
Suppose -7*a = -2217 - 25482. Is a composite?
True
Suppose -5*t + 407156 = -10*x + 11*x, 3*t = -5*x + 244298. Is t prime?
False
Suppose -h = -w + 6, -h + 0*h = 5*w + 30. Is (-40)/h - -3977*1 a composite number?
True
Suppose u + 1553 = -4*q, 3*u = -4*q + q - 1158. Let k = 57 - q. Is k composite?
True
Is (-111 - 485)*218/(-8) prime?
False
Let v(h) = -13*h - 12. Let r be v(12). Is 1 + 1/(-4) - 221466/r composite?
False
Is (15 - 16/4) + 15471 a composite number?
True
Let p(k) = -2*k**3 + 8*k**2 + 41*k - 12. Is p(-19) a prime number?
False
Let x(t) = 6 + 7 + 273*t - 55*t. Is x(3) composite?
True
Suppose 4 = -3*f + 97. Let x = -2434 + f. Is x/(-13) - 4/(-26) a composite number?
True
Suppose -22*s = -81*s + 958691. Is s prime?
True
Suppose o + 11354 = 4*p, 3*o - 10 = -4. Is p composite?
True
Is (-56)/(-12)*7941/2 a prime number?
False
Let b = -29 + 38. Suppose s - b = 24. Is (s/(-22))/((-3)/982) composite?
False
Let b be (-3)/6 + 58/4. Let j = 12 + b. Is ((-743)/(-2))/(13/j) prime?
True
Let g be (-48)/40*(-10)/3 + -16. Is -2*(6/8)/(g/14584) a composite number?
False
Suppose n - 2*y = 372, 0*n + 1461 = 4*n + y. Let d = 557 - n. Is d a prime number?
True
Suppose 0 = 8*k - 4*k - 3744. Let s = -301 + k. Let w = -454 + s. Is w a composite number?
False
Let r = 73 - 72. Let z(u) = 498*u**3 + 2*u**2 - 2*u + 1. Is z(r) a prime number?
True
Suppose -5*z - 8705 = 1230. Let d = 315 + z. Is (2/4)/((-4)/d) a composite number?
True
Let u(v) = v**3 - 50*v**2 + 153*v + 111. Is u(49) a prime number?
False
Suppose 7*x = x + 5112. Let l = -529 + x. Is l a composite number?
True
Let r(h) = -61*h**2 - 2*h + 1. Let c be r(-2). Let l = c + 990. Is l a composite number?
False
Let a be 1813/4 + 39/52. Suppose 4*w + a = 1218. Is w prime?
True
Is 247541/(-14)*2*-1 a prime number?
True
Let g(t) = 1977*t**2 - 2*t - 1. Let s be g(-1). Suppose 0*o + 2*o - s = 0. Is o a composite number?
True
Let a = 114 - 105. Suppose a*p = 15*p - 2694. Is p composite?
False
Let a be -8 - (-5)/((-10)/4). Let n be (-2529)/(-15) + (-4)/a. Let d = 246 - n. Is d prime?
False
Suppose 4*g + 4*i + 12 = 0, 4*g = -g - i - 15. Let q be 14 - (-3 + 6 + g). Is 17064/56 + 4/q a prime number?
False
Let h(w) = 32*w**2 + 11*w + 7. Is h(4) a composite number?
False
Is -178*(1 - 254/4) - -4 a prime number?
False
Let f be -3*(9/(-12) + (-4258)/(-24)). Is ((f + 4)*-1)/1 a composite number?
True
Let d be 444 - 7/((-14)/6). Suppose -3*r - d = -7*r + t, r = 2*t + 117. Is r a composite number?
True
Let g be (-2)/6*-3*2. Let i(v) = 3*v - v + 0*v**g - v**3 + 0*v**2 + 1 - 5*v**2. Is i(-7) composite?
True
Is (-6 + -5 + 6)*-982 + -1 a prime number?
True
Let b = 4 - 1. Suppose b*g - 1 - 14 = 0. Suppose -3*y - 8 = -g*y, 0 = -4*a + 3*y + 1184. Is a a prime number?
False
Let w(b) = 11*b + 3. Let k be w(1). Suppose k*y - 948 = 10*y. Is y prime?
False
Let j = 2275 + -589. Suppose -3*f + 75 + j = 0. Is f prime?
True
Suppose -5*f + 3*p - 15218 = -48653, -4*f - p = -26731. Suppose -f = -4*t - 8*t. Is t composite?
False
Let h = -20 + 26. Is (8/h - 7/21) + 6 a composite number?
False
Let f = 36 + -39. Let x(h) be the third derivative of -h**6/120 + h**5/20 + h**4/24 + 2*h**3/3 + 9*h**2. Is x(f) a composite number?
True
Suppose -2*r = -6*n + 2*n + 28, 4*n = 5*r + 82. Let x = r + 20. Suppose -x*d = -173 - 209. Is d prime?
True
Let s be (-1535)/(-5) + (1 - -2)/(-1). Suppose 8*q - 2808 - s = 0. Is q a composite number?
False
Let d = 33987 + -6104. Is d a composite number?
False
Let g = 10 - 7. Suppose -5*p = 2547 - 10157. Suppose -4*j + g*b = 167 - p, -2*j + b + 675 = 0. Is j a prime number?
False
Suppose 9229 + 8391 = -5*a. Is a/(-6) - 1/3 prime?
True
Let t(y) be the first derivative of y**4/4 + 14*y**3/3 - 4*y**2 + 3*y + 1. Is t(-14) composite?
True
Suppose -35 + 7 = -4*a. Suppose -a = -z + 4. Is (0 - 1) + 4114/z a composite number?
False
Let w(u) = 36*u**2 + 17*u - 66. Is w(19) composite?
True
Let b(m) = 17*m**2 + 20*m + 125. Is b(-12) a composite number?
False
Let f = -2018 - -3079. Is f a prime number?
True
Let i(t) = 5*t**2 - 2*t + 5. Let q be i(4). Suppose -73*n - 17260 = -q*n. Is n prime?
False
Suppose x = 4*x. Suppose 3*l - 6*l - 561 = x. Is (l/22)/((-1)/10) prime?
False
Let q(x) = -53*x + 13. Let r be q(-23). Let k = -601 + r. Is k composite?
False
Let v(o) = -o**3 - 4*o**2 + 4*o. Let b be v(-5). Suppose -b*s + 345 = 5*y, -4*s + 2*s + 138 = -y. Let m = s - 46. Is m prime?
True
Suppose 3*z + 2*z + 1900 = 0. Let g = 229 + -398. Let d = g - z. Is d a composite number?
False
Suppose 6*l = -2227 + 16705. Is l a prime number?
False
Let n = -4328 - -10809. Suppose -5*k = -844 - n. Is k composite?
True
Let d(b) = b**3 + 2057. Let h be d(0). Suppose l - 4*l + 2042 = -5*r, 3*l = 2*r + h. Is l a composite number?
True
Suppose 10230 = 2*b + 3*h - 4979, -22824 = -3*b - h. Is b a composite number?
True
Let z(h) = 35*h**2 + 18*h - 56. Let c(r) = -12*r**2 - 6*r + 19. Let j(t) = -7*c(t) - 2*z(t). Is j(10) composite?
False
Let y(g) = -g**3 - 7*g**2 - 8*g. Let m be y(-6). Let n be (-11)/(-3) + (-8)/m. Suppose -n*c + 2*c + 79 = 4*f, -5*f - 15 = 0. Is c prime?
False
Suppose 2*n - 4 = -w + 24, -5*n = w - 73. Let f(p) = -p**3 + 16*p**2 - 8*p - 8. Is f(n) a composite number?
False
Let j = -2516 - -3749. Suppose 4*d + 5*q - j = 0, -d + 2*d = -2*q + 312. Is d a composite number?
True
Let w(u) = -u**2 - 20*u + 25. Let q be w(-21). Suppose 8100 - 2504 = q*y. Is y composite?
False
Let z(j) = 49*j + 70. Is z(13) a prime number?
False
Let c(b) = 14*b**3 - 38*b - 13. Is c(12) composite?
True
Suppose i - 6*i = -15. Let r be (-8)/i*12/(-8). Suppose -4*z - 3148 = -4*f, 5*z = 2*f - r*f + 1588. Is f a prime number?
False
Suppose -21566 = -3*x + 5*m, -2*m = -4*x - 6*m + 28744. Is x prime?
True
Let d = -32 - -39. Let y(h) = 2*h**2 + 2*h + 15. Let z(c) = 5*c**2 + 3*c + 29. Let t(b) = -11*y(b) + 6